sor of 999 and 405.
27
What is the greatest common divisor of 138 and 1288?
46
Calculate the greatest common factor of 1691 and 89.
89
What is the greatest common factor of 2 and 82?
2
What is the highest common divisor of 196 and 98?
98
What is the greatest common factor of 1054 and 136?
34
Calculate the highest common factor of 66 and 24.
6
Calculate the highest common factor of 8558 and 22.
22
What is the highest common factor of 1035 and 1587?
69
Calculate the greatest common divisor of 24815 and 35.
35
What is the highest common divisor of 6 and 42?
6
What is the highest common factor of 56 and 1316?
28
Calculate the highest common divisor of 11 and 15939.
11
What is the greatest common divisor of 377 and 203?
29
Calculate the greatest common divisor of 306 and 68.
34
Calculate the greatest common divisor of 1332 and 6.
6
What is the greatest common factor of 95 and 55765?
95
Calculate the greatest common factor of 231 and 33.
33
Calculate the greatest common factor of 19 and 589.
19
Calculate the greatest common divisor of 5589 and 437.
23
Calculate the greatest common factor of 205 and 10.
5
What is the highest common factor of 9 and 108?
9
What is the highest common divisor of 48 and 6?
6
Calculate the greatest common divisor of 1972 and 272.
68
What is the greatest common divisor of 946 and 22?
22
What is the greatest common factor of 17878 and 14?
14
Calculate the highest common divisor of 2112 and 99.
33
Calculate the greatest common divisor of 115 and 45.
5
What is the greatest common divisor of 588 and 112?
28
What is the greatest common factor of 810 and 1224?
18
Calculate the highest common divisor of 1001 and 416.
13
What is the highest common factor of 219 and 13578?
219
Calculate the highest common factor of 14 and 322.
14
Calculate the greatest common divisor of 9 and 219.
3
Calculate the highest common factor of 6 and 14.
2
What is the highest common divisor of 448 and 14?
14
What is the highest common factor of 414 and 92?
46
Calculate the greatest common divisor of 747 and 9.
9
Calculate the highest common divisor of 2 and 194.
2
What is the highest common divisor of 5 and 1?
1
Calculate the greatest common divisor of 408 and 714.
102
What is the greatest common factor of 16 and 220?
4
Calculate the highest common divisor of 50 and 400.
50
What is the highest common factor of 2079 and 2156?
77
What is the highest common factor of 550 and 7825?
25
Calculate the highest common factor of 468 and 17433.
117
What is the greatest common divisor of 105 and 7?
7
What is the greatest common factor of 406 and 1247?
29
Calculate the greatest common divisor of 9368 and 8.
8
What is the highest common factor of 1450 and 800?
50
Calculate the greatest common factor of 594 and 29403.
297
Calculate the highest common divisor of 49 and 1.
1
Calculate the highest common factor of 6077 and 413.
59
Calculate the greatest common divisor of 567 and 35.
7
Calculate the greatest common divisor of 20 and 45.
5
Calculate the greatest common factor of 187 and 231.
11
Calculate the highest common factor of 1258 and 148.
74
What is the highest common factor of 81 and 1413?
9
Calculate the highest common factor of 2392 and 468.
52
Calculate the highest common factor of 504 and 378.
126
What is the greatest common divisor of 6 and 1?
1
What is the greatest common divisor of 14 and 5054?
14
What is the greatest common divisor of 2197 and 65?
13
What is the highest common factor of 5947 and 133?
19
What is the greatest common factor of 520 and 390?
130
Calculate the highest common divisor of 26176 and 64.
64
Calculate the highest common factor of 4187 and 159.
53
Calculate the highest common divisor of 2375 and 380.
95
Calculate the greatest common factor of 385 and 35.
35
Calculate the highest common factor of 1463 and 95.
19
What is the greatest common divisor of 679 and 194?
97
What is the highest common divisor of 388 and 873?
97
Calculate the greatest common divisor of 1311 and 69.
69
Calculate the greatest common divisor of 200 and 39400.
200
Calculate the highest common divisor of 288 and 18.
18
Calculate the greatest common divisor of 194 and 16.
2
What is the highest common factor of 20 and 320?
20
What is the greatest common factor of 820 and 164?
164
What is the greatest common divisor of 1012 and 44?
44
What is the greatest common divisor of 33 and 2816?
11
What is the highest common divisor of 72 and 8784?
72
Calculate the highest common factor of 2067 and 39.
39
What is the highest common divisor of 3454 and 11?
11
Calculate the greatest common factor of 99 and 45.
9
What is the highest common divisor of 144 and 3096?
72
Calculate the greatest common factor of 1988 and 28.
28
Calculate the highest common divisor of 4612 and 4.
4
What is the highest common divisor of 240 and 294?
6
Calculate the highest common divisor of 96 and 448.
32
Calculate the highest common factor of 56 and 72.
8
Calculate the greatest common divisor of 1269 and 108.
27
What is the highest common divisor of 891 and 33?
33
Calculate the highest common divisor of 118 and 472.
118
Calculate the highest common divisor of 8832 and 48.
48
What is the highest common factor of 1650 and 30?
30
Calculate the greatest common factor of 559 and 516.
43
What is the highest common divisor of 1134 and 1764?
126
Calculate the highest common divisor of 567 and 1539.
81
Calculate the highest common factor of 6683 and 1.
1
What is the highest common factor of 82 and 16277?
41
What is the greatest common divisor of 1043 and 7?
7
Calculate the highest common factor of 2471 and 28.
7
Calculate the greatest common factor of 1111 and 22.
11
Calculate the highest common divisor of 34 and 102.
34
Calculate the greatest common factor of 594 and 462.
66
What is the highest common factor of 1455 and 1215?
15
What is the greatest common factor of 161 and 230?
23
What is the greatest common factor of 448 and 96?
32
What is the greatest common factor of 12 and 3150?
6
What is the greatest common divisor of 33 and 26433?
33
Calculate the greatest common factor of 120 and 80.
40
What is the highest common divisor of 10 and 7405?
5
Calculate the highest common divisor of 36 and 222.
6
Calculate the highest common divisor of 2 and 16.
2
What is the greatest common factor of 72 and 24?
24
Calculate the greatest common factor of 4151 and 7.
7
What is the greatest common divisor of 345 and 20?
5
What is the greatest common factor of 50 and 1550?
50
What is the highest common divisor of 5 and 335?
5
Calculate the highest common factor of 70 and 110.
10
What is the highest common factor of 62 and 22971?
31
Calculate the highest common divisor of 45 and 225.
45
What is the greatest common divisor of 60755 and 435?
145
Calculate the greatest common divisor of 16 and 1.
1
Calculate the highest common divisor of 21 and 21.
21
What is the highest common divisor of 693 and 84?
21
Calculate the greatest common divisor of 1634 and 171.
19
What is the greatest common factor of 117 and 45?
9
Calculate the highest common divisor of 61 and 2257.
61
Calculate the greatest common divisor of 15035 and 620.
155
Calculate the highest common divisor of 5529 and 133.
19
Calculate the greatest common divisor of 1 and 25.
1
Calculate the highest common factor of 26 and 247.
13
Calculate the greatest common factor of 48 and 108.
12
Calculate the greatest common divisor of 3837 and 12.
3
What is the greatest common factor of 92 and 92?
92
What is the highest common divisor of 10 and 46?
2
Calculate the highest common divisor of 19 and 171.
19
What is the greatest common factor of 13 and 416?
13
What is the greatest common factor of 1494 and 18?
18
Calculate the highest common divisor of 88 and 32.
8
Calculate the highest common factor of 42806 and 34.
34
Calculate the highest common factor of 623 and 534.
89
What is the greatest common divisor of 268 and 4087?
67
What is the greatest common factor of 264 and 330?
66
Calculate the greatest common divisor of 100 and 900.
100
Calculate the highest common factor of 1247 and 215.
43
What is the highest common factor of 1577 and 247?
19
What is the greatest common divisor of 15 and 1605?
15
Calculate the highest common divisor of 75 and 1080.
15
Calculate the highest common divisor 